et j be g(-38). What is the greatest common factor of j and 8?
1
Let y(u) = u**2 + 14*u + 24. Let w be y(-13). Let j = w + -24. Let l = j - -19. What is the highest common divisor of 42 and l?
6
Let u be (-939339)/(-183) - 18/2. What is the highest common divisor of 8 and u?
4
Let t = 1789 - 1787. What is the highest common divisor of 3 and t?
1
Let u(t) = -2*t**3 + 9*t**2 + 4*t + 7. Let k be u(5). Suppose 0 = -k*j - 862 + 1222. Calculate the highest common factor of 810 and j.
90
Let h be 16/(-1)*4/(240/285). Let y(j) = j - 56. Let i be y(0). Let v = i - h. Calculate the greatest common factor of 10 and v.
10
Suppose -35*q + 23083 = 788. What is the highest common divisor of q and 169?
13
Let d = 16133 + -15373. Calculate the greatest common factor of d and 2432.
152
Let g be 11/(2992/32) + 15978/17 + -2. Calculate the highest common divisor of 28 and g.
14
Let f be (-3)/6*4 - -23. Suppose -5*r + 17 = 4*v, 0 = -3*r + 8*r + 2*v - f. Let p = -52 + 57. What is the greatest common divisor of r and p?
5
Let q be 194/3 - 2/(-6). Let u = 95 - q. Calculate the highest common divisor of u and 165.
15
Let p be ((-12)/(-8)*(-21744)/(-135))/(2/65). What is the greatest common divisor of 104 and p?
52
Let i(m) = 7*m - 374. Let c be i(58). What is the greatest common divisor of c and 56?
8
Let p(b) = -b**3 + 35*b**2 + 9*b - 93. Let s be p(35). Suppose -13*w + s = -103. What is the greatest common divisor of w and 300?
25
Suppose -5*f + 30 = -t, -3*f + 0*f + 2*t + 18 = 0. Suppose -18*o = -15*o - f. Suppose -o*n = -0*n - 132. What is the highest common factor of n and 6?
6
Let z(a) = -a**3 + 11*a**2 - 7*a + 37. Let d be z(11). Let h be (-1)/(5/(-1022)) - (-16)/d. What is the highest common factor of 24 and h?
12
Suppose -69*a - 65*a + 217 = -5813. Let d = 4 + 6. What is the highest common divisor of a and d?
5
Suppose -1 = w - 5*y - 8, 4*y = 2*w - 8. Suppose 9 = -w*d + 3. Let z be (-471)/(-6) - d/2. Calculate the highest common factor of z and 10.
10
Let p be 119577/6932 - (1*-2)/(-8). Suppose 0 = 5*c - 10, l - 3 = -4*c + 7. Suppose -43 - 25 = -l*h. Calculate the highest common divisor of p and h.
17
Let t be -2 + -14 + 13 + 4161. Calculate the greatest common divisor of t and 70.
14
Let t be 5704246/670 + (-2)/(-10). What is the highest common factor of 36 and t?
18
Let t(j) = 79*j - 42. Let k(d) = -d**2 + 6*d + 3. Let w be k(6). Let b be t(w). What is the highest common divisor of 78 and b?
39
Let a(g) = 348*g**2 + 9*g + 9. Let q be a(-1). Suppose -3*h + 369 = -2*u + 6, 3*u = -3*h + q. What is the greatest common factor of 51 and h?
17
Let d be (15*2/150 - (-2)/10)*2680. What is the highest common factor of d and 208?
16
Let z(n) = -n**3 + 18*n**2 + 21*n + 114. Let q be z(19). Let t = q + -137. What is the highest common divisor of 135 and t?
15
Let n be -3 + 1 - (2 - 32). Suppose -p - 9753 + 1941 = -32*p. Calculate the greatest common factor of p and n.
28
Let j be -3 - (-3 + 4 + -24)/1. Let l be (j/25)/(14/455). Calculate the highest common factor of 65 and l.
13
Let c = 92 + -22. Suppose 0 = 9*g - c - 92. What is the highest common factor of g and 2?
2
Let f(x) = -x - 2. Let k be f(-2). Suppose k*h - 9 = -h. Suppose -14 = 2*c + 4*q, -64*c - 5 = -69*c - 2*q. What is the greatest common divisor of h and c?
3
Let f(u) be the first derivative of -33/2*u**2 + 0*u - 13. Let j be f(-1). Calculate the highest common factor of j and 3.
3
Let d be (35 - 35) + -11*16/(-4). What is the highest common divisor of 638 and d?
22
Let u = 2501 + -593. What is the greatest common divisor of 36 and u?
36
Let x(p) = -39 + 5*p - 20*p - 7*p. Let b be x(-6). Suppose b + 33 = 3*f. What is the greatest common divisor of f and 6?
6
Suppose -286*k = -245*k - 15990. Calculate the highest common factor of k and 1430.
130
Let s be -5*((-1469)/585 + (-1)/(-9)). Calculate the highest common factor of s and 6.
6
Suppose -13*d = -9*d. Suppose d = 10*y - 5*y - 10. Suppose -43 = -4*k - u, -y*u + 70 = 5*k - 4*u. Calculate the greatest common divisor of k and 6.
6
Let y(j) = 2*j**3 + 4*j**2 + 16*j + 87. Let a be y(-10). Let i = 2432 + a. Calculate the greatest common factor of 33 and i.
33
Let q = 689 - 933. Let k = -235 - q. Let l = 3 - -6. What is the highest common factor of l and k?
9
Suppose -17*m - 5817 = 16*m - 57363. Calculate the highest common divisor of m and 142.
142
Suppose 0 = -11573*w + 11581*w - 72. Calculate the highest common divisor of 17 and w.
1
Let h be 5*(632/20 + 4)/2. What is the greatest common factor of 2403 and h?
89
Let x(b) be the second derivative of -b**5/20 + b**4 + 16*b**3/3 + 29*b**2/2 - 234*b. Let m be x(14). What is the highest common factor of 340 and m?
85
Suppose 0 = 2*a - 39 + 13. Let m = a - 8. Let n(r) = r**2 - 329*r - 1995. Let u be n(-6). What is the greatest common factor of m and u?
5
Let f = 15240 + -15156. Calculate the highest common divisor of f and 777.
21
Suppose 145*m = 126*m + 418. Let f = -57 + 61. Calculate the highest common divisor of f and m.
2
Let t = -4324 - -4332. What is the highest common factor of 78 and t?
2
Suppose 11*m - 13*m - 6 = 0. Let s be (-6 - -6) + (m - -6). Suppose 0 = s*d + 4*i - 47, -4*d = -4*i + 20 - 92. What is the greatest common factor of d and 34?
17
Let w(u) = -u**3 - 9*u**2 - 10*u + 8. Let r = 5 - 15. Let l be w(r). Calculate the greatest common factor of 16 and l.
16
Let p(q) = -82*q + 1483. Let a be p(18). What is the greatest common divisor of a and 7?
7
Suppose 0 = -3*l - v + 15, l + v - 21 = -16. Let h = 6 - 3. Suppose h = -l*i + 33. Calculate the greatest common factor of i and 15.
3
Let i = -281 - -173. Let l be (1/((-24)/(-18)))/((-3)/i). Calculate the highest common divisor of l and 12.
3
Suppose j - 43 = -3*g + 703, -5*j + 3*g = -3838. Calculate the highest common factor of j and 12.
4
Let l = -4 + 14. Let s = 195 + -732. Let z = 667 + s. What is the greatest common divisor of z and l?
10
Let h(o) = -164*o - 571. Let a be h(-12). Calculate the greatest common divisor of a and 22.
11
Suppose 9*u = 4*u + 2*g + 1600, -3*g = -2*u + 629. Suppose -40*v + 6731 = -11429. Suppose v = -6*c + 730. Calculate the greatest common divisor of u and c.
46
Suppose 0*x + 3*x = 144. Let m be (-16)/(-4)*15/4. Let o = -9 + m. Calculate the highest common factor of x and o.
6
Let w = 1385 - -16210. What is the highest common divisor of 85 and w?
85
Let y(k) = -2*k - 12. Let b = -54 + 45. Let l be (1/3)/(3/b) - 7. Let c be y(l). Calculate the highest common divisor of 20 and c.
4
Suppose -15*b = 15*b - 90. Suppose b*s - 85 = 5*i, -3*i + 35 = 2*s - 9. Calculate the greatest common factor of s and 75.
25
Suppose -26 = -3*j - 0*j + 2*i, i = -4*j + 31. Let z = 3 + -3. Suppose z = -j*y + 191 + 25. What is the greatest common divisor of y and 243?
27
Suppose 0 = 14*j + 2501 + 145. Let t = j + 237. Calculate the highest common factor of t and 36.
12
Let t be (-645)/(-50) - (55/(-50))/11. Suppose t*k - 280 = -k. Calculate the greatest common factor of 30 and k.
10
Suppose -5*t = -w, t - 48 = -3*w - 0. Suppose -4*y + 10819 + 20329 = 0. Let c be 1/5 + y/65. Calculate the greatest common factor of w and c.
15
Let m = 6221 + -6026. Calculate the greatest common factor of m and 18.
3
Let x be (-1)/(5/3 - 2). Suppose -9*l = -17*l - 2288. Let d = l + 319. Calculate the highest common divisor of d and x.
3
Let c(b) = b**3 + 5*b**2 + 21*b + 195. Let h be c(-6). What is the highest common divisor of 5456 and h?
11
Let t(v) = -v**3 - 40*v**2 - 176*v + 49. Let k be t(-35). Calculate the greatest common divisor of 168 and k.
84
Let y(r) = 120*r**2 + 4. Suppose 0 = -3*m - 5*u - 21, 2*m + u + 8 = 1. Let w be y(m). What is the highest common factor of 88 and w?
44
Suppose 126*a = 152*a - 1014. Calculate the greatest common divisor of 1 and a.
1
Let i be (-13)/(-234)*-12*(-482 - -2). Calculate the greatest common divisor of 736 and i.
32
Let x be 34/(-221) - (-4 - (-3912)/(-78)). Calculate the highest common divisor of 102 and x.
6
Let o be ((-1)/(-2) - 2)/((-1320)/111760). Calculate the greatest common divisor of o and 21463.
127
Let j = 295 - -221. Suppose j*t - 512*t - 12 = 0. What is the highest common divisor of t and 12?
3
Let t = 493 - 192. Suppose -1669 = -6*w - t. Calculate the greatest common factor of w and 36.
12
Suppose 6*z - 1